[INFO] cloning repository https://github.com/docteurklein/inotify-sse
[INFO] running `Command { std: "git" "-c" "credential.helper=" "-c" "credential.helper=/workspace/cargo-home/bin/git-credential-null" "clone" "--bare" "https://github.com/docteurklein/inotify-sse" "/workspace/cache/git-repos/https%3A%2F%2Fgithub.com%2Fdocteurklein%2Finotify-sse", kill_on_drop: false }`
[INFO] [stderr] Cloning into bare repository '/workspace/cache/git-repos/https%3A%2F%2Fgithub.com%2Fdocteurklein%2Finotify-sse'...
[INFO] running `Command { std: "git" "rev-parse" "HEAD", kill_on_drop: false }`
[INFO] [stdout] da1ec2459bfb1918295bd8fecc4d7ec38629a76b
[INFO] checking docteurklein/inotify-sse against master#cfbc6d4cf1acbac5c025acf8ed68929caa551df3 for pr-75494-beta
[INFO] running `Command { std: "git" "clone" "/workspace/cache/git-repos/https%3A%2F%2Fgithub.com%2Fdocteurklein%2Finotify-sse" "/workspace/builds/worker-0/source", kill_on_drop: false }`
[INFO] [stderr] Cloning into '/workspace/builds/worker-0/source'...
[INFO] [stderr] done.
[INFO] validating manifest of git repo https://github.com/docteurklein/inotify-sse on toolchain cfbc6d4cf1acbac5c025acf8ed68929caa551df3
[INFO] running `Command { std: "/workspace/cargo-home/bin/cargo" "+cfbc6d4cf1acbac5c025acf8ed68929caa551df3" "read-manifest" "--manifest-path" "Cargo.toml", kill_on_drop: false }`
[INFO] started tweaking git repo https://github.com/docteurklein/inotify-sse
[INFO] finished tweaking git repo https://github.com/docteurklein/inotify-sse
[INFO] tweaked toml for git repo https://github.com/docteurklein/inotify-sse written to /workspace/builds/worker-0/source/Cargo.toml
[INFO] crate git repo https://github.com/docteurklein/inotify-sse already has a lockfile, it will not be regenerated
[INFO] running `Command { std: "/workspace/cargo-home/bin/cargo" "+cfbc6d4cf1acbac5c025acf8ed68929caa551df3" "fetch" "--locked" "--manifest-path" "Cargo.toml", kill_on_drop: false }`
[INFO] [stderr]  Downloading crates ...
[INFO] [stderr]   Downloaded failure_derive v0.1.5
[INFO] [stderr]   Downloaded safemem v0.3.2
[INFO] [stderr]   Downloaded which v2.0.1
[INFO] [stderr]   Downloaded inotify v0.7.0
[INFO] [stderr]   Downloaded clang-sys v0.28.1
[INFO] [stderr]   Downloaded regex v1.2.1
[INFO] [stderr]   Downloaded crossbeam-deque v0.7.1
[INFO] [stderr]   Downloaded cexpr v0.3.5
[INFO] [stderr]   Downloaded tokio-uds v0.2.5
[INFO] [stderr]   Downloaded parking_lot_core v0.4.0
[INFO] [stderr]   Downloaded futures v0.1.28
[INFO] [stderr]   Downloaded indexmap v1.1.0
[INFO] [stderr]   Downloaded tokio-threadpool v0.1.15
[INFO] [stderr]   Downloaded syn v1.0.5
[INFO] [stderr]   Downloaded hyper v0.12.33
[INFO] [stderr]   Downloaded serde_json v1.0.40
[INFO] [stderr]   Downloaded humantime v1.2.0
[INFO] [stderr]   Downloaded http v0.1.18
[INFO] [stderr]   Downloaded backtrace v0.3.35
[INFO] [stderr]   Downloaded libhydrogen-sys v0.7.3
[INFO] [stderr]   Downloaded nodrop v0.1.13
[INFO] [stderr]   Downloaded num_cpus v1.10.1
[INFO] [stderr]   Downloaded memoffset v0.5.1
[INFO] [stderr]   Downloaded owning_ref v0.4.0
[INFO] [stderr]   Downloaded tokio-sync v0.1.6
[INFO] [stderr]   Downloaded regex-syntax v0.6.11
[INFO] [stderr]   Downloaded backtrace-sys v0.1.31
[INFO] [stderr]   Downloaded failure v0.1.5
[INFO] [stderr]   Downloaded bindgen v0.51.0
[INFO] [stderr]   Downloaded libhydrogen v0.1.5
[INFO] [stderr]   Downloaded crossbeam-epoch v0.7.2
[INFO] [stderr]   Downloaded proc-macro2 v1.0.1
[INFO] [stderr]   Downloaded parking_lot v0.7.1
[INFO] [stderr]   Downloaded walkdir v2.2.9
[INFO] [stderr]   Downloaded hyper-sse v0.1.0
[INFO] [stderr]   Downloaded arrayvec v0.4.11
[INFO] [stderr]   Downloaded tokio-udp v0.1.4
[INFO] [stderr]   Downloaded serde v1.0.99
[INFO] [stderr]   Downloaded serde_derive v1.0.99
[INFO] [stderr]   Downloaded tokio-fs v0.1.6
[INFO] [stderr]   Downloaded either v1.5.2
[INFO] [stderr]   Downloaded lock_api v0.1.5
[INFO] [stderr]   Downloaded tokio-reactor v0.1.9
[INFO] [stderr]   Downloaded stable_deref_trait v1.1.1
[INFO] [stderr]   Downloaded same-file v1.0.5
[INFO] running `Command { std: "docker" "create" "-v" "/var/lib/crater-agent-workspace/builds/worker-0/target:/opt/rustwide/target:rw,Z" "-v" "/var/lib/crater-agent-workspace/builds/worker-0/source:/opt/rustwide/workdir:ro,Z" "-v" "/var/lib/crater-agent-workspace/cargo-home:/opt/rustwide/cargo-home:ro,Z" "-v" "/var/lib/crater-agent-workspace/rustup-home:/opt/rustwide/rustup-home:ro,Z" "-e" "SOURCE_DIR=/opt/rustwide/workdir" "-e" "CARGO_TARGET_DIR=/opt/rustwide/target" "-e" "CARGO_HOME=/opt/rustwide/cargo-home" "-e" "RUSTUP_HOME=/opt/rustwide/rustup-home" "-w" "/opt/rustwide/workdir" "-m" "1610612736" "--user" "0:0" "--network" "none" "rustops/crates-build-env@sha256:a636fd89d022f18117e1dc8fb37a0a009933cdbbe082814857f0e2024962d47c" "/opt/rustwide/cargo-home/bin/cargo" "+cfbc6d4cf1acbac5c025acf8ed68929caa551df3" "metadata" "--no-deps" "--format-version=1", kill_on_drop: false }`
[INFO] [stdout] 79d56d02c6a276b8ad7bb5b88e4003cbd9bf465134f414f460acdeacb5f9b1bf
[INFO] [stderr] WARNING: Your kernel does not support swap limit capabilities or the cgroup is not mounted. Memory limited without swap.
[INFO] running `Command { std: "docker" "start" "-a" "79d56d02c6a276b8ad7bb5b88e4003cbd9bf465134f414f460acdeacb5f9b1bf", kill_on_drop: false }`
[INFO] running `Command { std: "docker" "inspect" "79d56d02c6a276b8ad7bb5b88e4003cbd9bf465134f414f460acdeacb5f9b1bf", kill_on_drop: false }`
[INFO] running `Command { std: "docker" "rm" "-f" "79d56d02c6a276b8ad7bb5b88e4003cbd9bf465134f414f460acdeacb5f9b1bf", kill_on_drop: false }`
[INFO] [stdout] 79d56d02c6a276b8ad7bb5b88e4003cbd9bf465134f414f460acdeacb5f9b1bf
[INFO] running `Command { std: "docker" "create" "-v" "/var/lib/crater-agent-workspace/builds/worker-0/target:/opt/rustwide/target:rw,Z" "-v" "/var/lib/crater-agent-workspace/builds/worker-0/source:/opt/rustwide/workdir:ro,Z" "-v" "/var/lib/crater-agent-workspace/cargo-home:/opt/rustwide/cargo-home:ro,Z" "-v" "/var/lib/crater-agent-workspace/rustup-home:/opt/rustwide/rustup-home:ro,Z" "-e" "SOURCE_DIR=/opt/rustwide/workdir" "-e" "CARGO_TARGET_DIR=/opt/rustwide/target" "-e" "CARGO_INCREMENTAL=0" "-e" "RUST_BACKTRACE=full" "-e" "RUSTFLAGS=--cap-lints=forbid" "-e" "CARGO_HOME=/opt/rustwide/cargo-home" "-e" "RUSTUP_HOME=/opt/rustwide/rustup-home" "-w" "/opt/rustwide/workdir" "-m" "1610612736" "--user" "0:0" "--network" "none" "rustops/crates-build-env@sha256:a636fd89d022f18117e1dc8fb37a0a009933cdbbe082814857f0e2024962d47c" "/opt/rustwide/cargo-home/bin/cargo" "+cfbc6d4cf1acbac5c025acf8ed68929caa551df3" "check" "--frozen" "--all" "--all-targets" "--message-format=json", kill_on_drop: false }`
[INFO] [stdout] fd8c4f26098fdd7cfe96fa855562556a78215f69266c7c303b6406d4c44484cf
[INFO] [stderr] WARNING: Your kernel does not support swap limit capabilities or the cgroup is not mounted. Memory limited without swap.
[INFO] running `Command { std: "docker" "start" "-a" "fd8c4f26098fdd7cfe96fa855562556a78215f69266c7c303b6406d4c44484cf", kill_on_drop: false }`
[INFO] [stderr]    Compiling log v0.4.8
[INFO] [stderr]    Compiling semver-parser v0.7.0
[INFO] [stderr]     Checking rand_core v0.4.2
[INFO] [stderr]    Compiling autocfg v0.1.6
[INFO] [stderr]     Checking lazy_static v1.4.0
[INFO] [stderr]    Compiling proc-macro2 v0.4.30
[INFO] [stderr]     Checking slab v0.4.2
[INFO] [stderr]    Compiling unicode-xid v0.1.0
[INFO] [stderr]    Compiling syn v0.15.44
[INFO] [stderr]     Checking fnv v1.0.6
[INFO] [stderr]    Compiling glob v0.3.0
[INFO] [stderr]    Compiling version_check v0.1.5
[INFO] [stderr]     Checking smallvec v0.6.10
[INFO] [stderr]    Compiling rustc-demangle v0.1.16
[INFO] [stderr]    Compiling unicode-width v0.1.6
[INFO] [stderr]    Compiling regex-syntax v0.6.11
[INFO] [stderr]    Compiling bindgen v0.51.0
[INFO] [stderr]    Compiling ansi_term v0.11.0
[INFO] [stderr]    Compiling vec_map v0.8.1
[INFO] [stderr]    Compiling strsim v0.8.0
[INFO] [stderr]    Compiling proc-macro2 v1.0.1
[INFO] [stderr]    Compiling shlex v0.1.1
[INFO] [stderr]    Compiling peeking_take_while v0.1.2
[INFO] [stderr]    Compiling unicode-xid v0.2.0
[INFO] [stderr]     Checking indexmap v1.1.0
[INFO] [stderr]     Checking safemem v0.3.2
[INFO] [stderr]     Checking same-file v1.0.5
[INFO] [stderr]    Compiling backtrace-sys v0.1.31
[INFO] [stderr]    Compiling libloading v0.5.2
[INFO] [stderr]    Compiling thread_local v0.3.6
[INFO] [stderr]     Checking crossbeam-utils v0.6.6
[INFO] [stderr]     Checking tokio-sync v0.1.6
[INFO] [stderr]    Compiling textwrap v0.11.0
[INFO] [stderr]     Checking rand_core v0.3.1
[INFO] [stderr]     Checking rand_jitter v0.1.4
[INFO] [stderr]    Compiling semver v0.9.0
[INFO] [stderr]    Compiling libc v0.2.62
[INFO] [stderr]    Compiling byteorder v1.3.2
[INFO] [stderr]    Compiling memchr v2.2.1
[INFO] [stderr]    Compiling nom v4.2.3
[INFO] [stderr]     Checking walkdir v2.2.9
[INFO] [stderr]    Compiling rand_chacha v0.1.1
[INFO] [stderr]    Compiling rand_pcg v0.1.2
[INFO] [stderr]    Compiling rand v0.6.5
[INFO] [stderr]     Checking rand_isaac v0.1.1
[INFO] [stderr]     Checking rand_hc v0.1.0
[INFO] [stderr]     Checking rand_xorshift v0.1.1
[INFO] [stderr]     Checking rand_os v0.1.3
[INFO] [stderr]     Checking time v0.1.42
[INFO] [stderr]     Checking inotify-sys v0.1.3
[INFO] [stderr]     Checking base64 v0.9.3
[INFO] [stderr]     Checking tokio-executor v0.1.8
[INFO] [stderr]     Checking crossbeam-queue v0.1.2
[INFO] [stderr]    Compiling clang-sys v0.28.1
[INFO] [stderr]    Compiling rustc_version v0.2.3
[INFO] [stderr]     Checking serde_json v1.0.40
[INFO] [stderr]    Compiling aho-corasick v0.7.6
[INFO] [stderr]     Checking bytes v0.4.12
[INFO] [stderr]     Checking futures-cpupool v0.1.8
[INFO] [stderr]    Compiling fxhash v0.2.1
[INFO] [stderr]     Checking mio v0.6.19
[INFO] [stderr]     Checking want v0.2.0
[INFO] [stderr]     Checking tokio-timer v0.2.11
[INFO] [stderr]     Checking tokio-current-thread v0.1.6
[INFO] [stderr]    Compiling atty v0.2.13
[INFO] [stderr]    Compiling parking_lot_core v0.4.0
[INFO] [stderr]    Compiling memoffset v0.5.1
[INFO] [stderr]    Compiling hyper v0.12.33
[INFO] [stderr]    Compiling quote v0.6.13
[INFO] [stderr]    Compiling clap v2.33.0
[INFO] [stderr]    Compiling backtrace v0.3.35
[INFO] [stderr]     Checking tokio-io v0.1.12
[INFO] [stderr]     Checking http v0.1.18
[INFO] [stderr]     Checking tokio-buf v0.1.1
[INFO] [stderr]     Checking string v0.2.1
[INFO] [stderr]    Compiling quote v1.0.2
[INFO] [stderr]     Checking tokio-codec v0.1.1
[INFO] [stderr]    Compiling cexpr v0.3.5
[INFO] [stderr]     Checking mio-uds v0.6.7
[INFO] [stderr]    Compiling syn v1.0.5
[INFO] [stderr]     Checking crossbeam-epoch v0.7.2
[INFO] [stderr]     Checking crossbeam-deque v0.7.1
[INFO] [stderr]     Checking tokio-threadpool v0.1.15
[INFO] [stderr]     Checking parking_lot v0.7.1
[INFO] [stderr]     Checking tokio-reactor v0.1.9
[INFO] [stderr]     Checking tokio-udp v0.1.4
[INFO] [stderr]     Checking tokio-tcp v0.1.3
[INFO] [stderr]     Checking tokio-uds v0.2.5
[INFO] [stderr]    Compiling regex v1.2.1
[INFO] [stderr]     Checking tokio-fs v0.1.6
[INFO] [stderr]     Checking tokio v0.1.22
[INFO] [stderr]     Checking inotify v0.7.0
[INFO] [stderr]     Checking h2 v0.1.26
[INFO] [stderr]     Checking http-body v0.1.0
[INFO] [stderr]    Compiling env_logger v0.6.2
[INFO] [stderr]    Compiling synstructure v0.10.2
[INFO] [stderr]    Compiling serde_derive v1.0.99
[INFO] [stderr]    Compiling failure_derive v0.1.5
[INFO] [stderr]    Compiling failure v0.1.5
[INFO] [stderr]    Compiling which v2.0.1
[INFO] [stderr]    Compiling libhydrogen-sys v0.7.3
[INFO] [stdout] error[E0277]: arrays only have std trait implementations for lengths 0..=32
[INFO] [stdout]  --> /opt/rustwide/target/debug/build/libhydrogen-sys-4da3d00c9b116d03/out/bindings.rs:3:6448
[INFO] [stdout]   |
[INFO] [stdout] 3 | ... u8 ; 32usize ] , pub sk : [ u8 ; 64usize ] , } # [ test ] fn bindgen_test_layout_hydro_sign_keypair ( ) { assert_eq ! ( :: std :: mem...
[INFO] [stdout]   |                      ^^^^^^^^^^^^^^^^^^^^^^^^^ the trait `std::array::LengthAtMost32` is not implemented for `[u8; 64]`
[INFO] [stdout]   |
[INFO] [stdout]   = note: required because of the requirements on the impl of `std::fmt::Debug` for `[u8; 64]`
[INFO] [stdout]   = note: required because of the requirements on the impl of `std::fmt::Debug` for `&[u8; 64]`
[INFO] [stdout]   = note: required for the cast to the object type `dyn std::fmt::Debug`
[INFO] [stdout]   = note: this error originates in a derive macro (in Nightly builds, run with -Z macro-backtrace for more info)
[INFO] [stdout] 
[INFO] [stdout] 
[INFO] [stdout] error[E0277]: the trait bound `[u8; 64]: std::default::Default` is not satisfied
[INFO] [stdout]  --> /opt/rustwide/target/debug/build/libhydrogen-sys-4da3d00c9b116d03/out/bindings.rs:3:6448
[INFO] [stdout]   |
[INFO] [stdout] 3 | ... [ u8 ; 32usize ] , pub sk : [ u8 ; 64usize ] , } # [ test ] fn bindgen_test_layout_hydro_sign_keypair ( ) { assert_eq ! ( :: std :: m...
[INFO] [stdout]   |                        ^^^^^^^^^^^^^^^^^^^^^^^^^ the trait `std::default::Default` is not implemented for `[u8; 64]`
[INFO] [stdout]   |
[INFO] [stdout]   = help: the following implementations were found:
[INFO] [stdout]             <&[T] as std::default::Default>
[INFO] [stdout]             <&mut [T] as std::default::Default>
[INFO] [stdout]             <[T; 0] as std::default::Default>
[INFO] [stdout]             <[T; 10] as std::default::Default>
[INFO] [stdout]           and 31 others
[INFO] [stdout]   = note: required by `std::default::Default::default`
[INFO] [stdout]   = note: this error originates in a derive macro (in Nightly builds, run with -Z macro-backtrace for more info)
[INFO] [stdout] 
[INFO] [stdout] 
[INFO] [stdout] error[E0369]: binary operation `==` cannot be applied to type `[u8; 64]`
[INFO] [stdout]  --> /opt/rustwide/target/debug/build/libhydrogen-sys-4da3d00c9b116d03/out/bindings.rs:3:6448
[INFO] [stdout]   |
[INFO] [stdout] 3 | ...ruct hydro_sign_keypair { pub pk : [ u8 ; 32usize ] , pub sk : [ u8 ; 64usize ] , } # [ test ] fn bindgen_test_layout_hydro_sign_keypa...
[INFO] [stdout]   |                                                          ^^^^^^^^^^^^^^^^^^^^^^^^^
[INFO] [stdout]   |
[INFO] [stdout]   = note: this error originates in a derive macro (in Nightly builds, run with -Z macro-backtrace for more info)
[INFO] [stdout] 
[INFO] [stdout] 
[INFO] [stdout] error[E0369]: binary operation `!=` cannot be applied to type `[u8; 64]`
[INFO] [stdout]  --> /opt/rustwide/target/debug/build/libhydrogen-sys-4da3d00c9b116d03/out/bindings.rs:3:6448
[INFO] [stdout]   |
[INFO] [stdout] 3 | ...ruct hydro_sign_keypair { pub pk : [ u8 ; 32usize ] , pub sk : [ u8 ; 64usize ] , } # [ test ] fn bindgen_test_layout_hydro_sign_keypa...
[INFO] [stdout]   |                                                          ^^^^^^^^^^^^^^^^^^^^^^^^^
[INFO] [stdout]   |
[INFO] [stdout]   = note: this error originates in a derive macro (in Nightly builds, run with -Z macro-backtrace for more info)
[INFO] [stdout] 
[INFO] [stdout] 
[INFO] [stdout] error[E0277]: arrays only have std trait implementations for lengths 0..=32
[INFO] [stdout]    --> /opt/rustwide/target/debug/build/libhydrogen-sys-4da3d00c9b116d03/out/bindings.rs:3:6448
[INFO] [stdout]     |
[INFO] [stdout] 3   | ... u8 ; 32usize ] , pub sk : [ u8 ; 64usize ] , } # [ test ] fn bindgen_test_layout_hydro_sign_keypair ( ) { assert_eq ! ( :: std :: mem...
[INFO] [stdout]     |                      ^^^^^^^^^^^^^^^^^^^^^^^^^ the trait `std::array::LengthAtMost32` is not implemented for `[u8; 64]`
[INFO] [stdout]     |
[INFO] [stdout]     = note: required because of the requirements on the impl of `std::cmp::Eq` for `[u8; 64]`
[INFO] [stdout]     = note: this error originates in a derive macro (in Nightly builds, run with -Z macro-backtrace for more info)
[INFO] [stdout] 
[INFO] [stdout] 
[INFO] [stdout] error: aborting due to 5 previous errors
[INFO] [stdout] 
[INFO] [stdout] 
[INFO] [stdout] Some errors have detailed explanations: E0277, E0369.
[INFO] [stdout] 
[INFO] [stdout] For more information about an error, try `rustc --explain E0277`.
[INFO] [stdout] 
[INFO] [stderr] error: could not compile `libhydrogen-sys`.
[INFO] [stderr] 
[INFO] [stderr] To learn more, run the command again with --verbose.
[INFO] running `Command { std: "docker" "inspect" "fd8c4f26098fdd7cfe96fa855562556a78215f69266c7c303b6406d4c44484cf", kill_on_drop: false }`
[INFO] running `Command { std: "docker" "rm" "-f" "fd8c4f26098fdd7cfe96fa855562556a78215f69266c7c303b6406d4c44484cf", kill_on_drop: false }`
[INFO] [stdout] fd8c4f26098fdd7cfe96fa855562556a78215f69266c7c303b6406d4c44484cf
